y 116.
110
Calculate the remainder when 754 is divided by 29.
0
What is the remainder when 140 is divided by 3?
2
Calculate the remainder when 82 is divided by 44.
38
What is the remainder when 346 is divided by 84?
10
What is the remainder when 875 is divided by 73?
72
What is the remainder when 125 is divided by 5?
0
What is the remainder when 814 is divided by 21?
16
Calculate the remainder when 207 is divided by 53.
48
What is the remainder when 348 is divided by 79?
32
Calculate the remainder when 875 is divided by 255.
110
What is the remainder when 1693 is divided by 94?
1
Calculate the remainder when 131 is divided by 72.
59
Calculate the remainder when 1010 is divided by 253.
251
What is the remainder when 5583 is divided by 927?
21
Calculate the remainder when 43 is divided by 13.
4
What is the remainder when 2381 is divided by 16?
13
Calculate the remainder when 11824 is divided by 18.
16
Calculate the remainder when 4113 is divided by 14.
11
What is the remainder when 174 is divided by 3?
0
What is the remainder when 823 is divided by 75?
73
Calculate the remainder when 556 is divided by 18.
16
What is the remainder when 689 is divided by 9?
5
Calculate the remainder when 309 is divided by 12.
9
Calculate the remainder when 109 is divided by 11.
10
Calculate the remainder when 365 is divided by 74.
69
What is the remainder when 109 is divided by 41?
27
What is the remainder when 1113 is divided by 556?
1
Calculate the remainder when 643 is divided by 72.
67
What is the remainder when 165 is divided by 19?
13
What is the remainder when 497 is divided by 44?
13
Calculate the remainder when 714 is divided by 120.
114
Calculate the remainder when 935 is divided by 467.
1
Calculate the remainder when 19 is divided by 17.
2
What is the remainder when 863 is divided by 51?
47
What is the remainder when 167 is divided by 73?
21
What is the remainder when 127 is divided by 76?
51
Calculate the remainder when 3104 is divided by 94.
2
What is the remainder when 724 is divided by 52?
48
Calculate the remainder when 2560 is divided by 122.
120
Calculate the remainder when 1361 is divided by 470.
421
Calculate the remainder when 1283 is divided by 46.
41
What is the remainder when 591 is divided by 6?
3
What is the remainder when 67 is divided by 7?
4
What is the remainder when 3093 is divided by 34?
33
Calculate the remainder when 18 is divided by 10.
8
What is the remainder when 1441 is divided by 367?
340
What is the remainder when 344 is divided by 175?
169
What is the remainder when 2287 is divided by 22?
21
Calculate the remainder when 22 is divided by 4.
2
Calculate the remainder when 1010 is divided by 32.
18
What is the remainder when 136 is divided by 46?
44
Calculate the remainder when 156 is divided by 16.
12
Calculate the remainder when 224 is divided by 130.
94
Calculate the remainder when 40 is divided by 31.
9
Calculate the remainder when 14227 is divided by 51.
49
Calculate the remainder when 169 is divided by 74.
21
What is the remainder when 745 is divided by 34?
31
Calculate the remainder when 140 is divided by 67.
6
Calculate the remainder when 194 is divided by 148.
46
What is the remainder when 207 is divided by 65?
12
Calculate the remainder when 1019 is divided by 60.
59
What is the remainder when 217 is divided by 8?
1
What is the remainder when 3216 is divided by 18?
12
What is the remainder when 3399 is divided by 68?
67
What is the remainder when 27130 is divided by 27?
22
Calculate the remainder when 436 is divided by 46.
22
What is the remainder when 2016 is divided by 253?
245
Calculate the remainder when 1680 is divided by 9.
6
What is the remainder when 364 is divided by 41?
36
Calculate the remainder when 261 is divided by 15.
6
Calculate the remainder when 492 is divided by 22.
8
Calculate the remainder when 65 is divided by 22.
21
What is the remainder when 136 is divided by 59?
18
Calculate the remainder when 743 is divided by 12.
11
Calculate the remainder when 1020 is divided by 26.
6
Calculate the remainder when 137 is divided by 73.
64
What is the remainder when 692 is divided by 8?
4
What is the remainder when 555 is divided by 16?
11
Calculate the remainder when 4933 is divided by 130.
123
What is the remainder when 304 is divided by 22?
18
What is the remainder when 362 is divided by 33?
32
Calculate the remainder when 11271 is divided by 8.
7
What is the remainder when 982 is divided by 47?
42
What is the remainder when 615 is divided by 118?
25
What is the remainder when 52 is divided by 39?
13
Calculate the remainder when 255 is divided by 1.
0
Calculate the remainder when 2884 is divided by 13.
11
Calculate the remainder when 355 is divided by 69.
10
What is the remainder when 178 is divided by 45?
43
Calculate the remainder when 1937 is divided by 7.
5
What is the remainder when 53 is divided by 23?
7
What is the remainder when 539 is divided by 177?
8
Calculate the remainder when 8894 is divided by 16.
14
Calculate the remainder when 441 is divided by 13.
12
Calculate the remainder when 1711 is divided by 62.
37
Calculate the remainder when 214 is divided by 43.
42
What is the remainder when 84 is divided by 13?
6
What is the remainder when 1961 is divided by 951?
59
What is the remainder when 1339 is divided by 223?
1
What is the remainder when 1613 is divided by 468?
209
What is the remainder when 293 is divided by 50?
43
Calculate the remainder when 431 is divided by 8.
7
Calculate the remainder when 595 is divided by 65.
10
What is the remainder when 75 is divided by 15?
0
Calculate the remainder when 5915 is divided by 97.
95
Calculate the remainder when 102 is divided by 8.
6
What is the remainder when 694 is divided by 41?
38
Calculate the remainder when 426 is divided by 208.
10
Calculate the remainder when 3498 is divided by 125.
123
Calculate the remainder when 125 is divided by 72.
53
Calculate the remainder when 579 is divided by 29.
28
Calculate the remainder when 6378 is divided by 86.
14
What is the remainder when 12 is divided by 8?
4
What is the remainder when 312 is divided by 312?
0
What is the remainder when 892 is divided by 380?
132
What is the remainder when 325 is divided by 96?
37
What is the remainder when 183 is divided by 167?
16
Calculate the remainder when 7601 is divided by 65.
61
What is the remainder when 445 is divided by 32?
29
What is the remainder when 291 is divided by 21?
18
What is the remainder when 306 is divided by 66?
42
What is the remainder when 981 is divided by 141?
135
What is the remainder when 539 is divided by 60?
59
What is the remainder when 3893 is divided by 33?
32
What is the remainder when 68 is divided by 10?
8
Calculate the remainder when 468 is divided by 79.
73
Calculate the remainder when 6850 is divided by 46.
42
What is the remainder when 5973 is divided by 43?
39
Calculate the remainder when 66 is divided by 19.
9
What is the remainder when 254 is divided by 10?
4
What is the remainder when 37 is divided by 25?
12
Calculate the remainder when 19 is divided by 12.
7
Calculate the remainder when 6667 is divided by 48.
43
What is the remainder when 64 is divided by 5?
4
What is the remainder when 118 is divided by 17?
16
What is the remainder when 10707 is divided by 35?
32
Calculate the remainder when 17 is divided by 11.
6
What is the remainder when 163 is divided by 15?
13
What is the remainder when 2602 is divided by 58?
50
What is the remainder when 229 is divided by 47?
41
What is the remainder when 388 is divided by 78?
76
Calculate the remainder when 228 is divided by 29.
25
What is the remainder when 8329 is divided by 238?
237
What is the remainder when 2705 is divided by 12?
5
What is the remainder when 2149 is divided by 60?
49
Calculate the remainder when 110 is divided by 14.
12
What is the remainder when 831 is divided by 804?
27
What is the remainder when 289 is divided by 73?
70
What is the remainder when 2411 is divided by 142?
139
Calculate the remainder when 2756 is divided by 2750.
6
Calculate the remainder when 412 is divided by 5.
2
Calculate the remainder when 137 is divided by 21.
11
What is the remainder when 55 is divided by 26?
3
Calculate the remainder when 131 is divided by 22.
21
What is the remain